533. What is t(-39)?
143
Let h(l) = -l**3 - 19*l**2 - 96*l + 87. Give h(-9).
141
Let z(x) = -x**3 - 12*x**2 + 179*x + 282. Determine z(-20).
-98
Let p(w) = 19*w - 185. Give p(15).
100
Let b(a) = -220*a + 430. Calculate b(2).
-10
Let z(s) = -87*s**2 + 265*s + 535. Calculate z(-2).
-343
Let p(i) = i**2 - 65*i - 1440. Give p(82).
-46
Let q(m) = -7*m**2 - 24*m - 1. Give q(-5).
-56
Let k(w) = 109*w**2 + 2321*w + 664. Determine k(-21).
-8
Let u(q) = 5*q**3 - 3*q**2 - 29*q + 144. Calculate u(4).
300
Let x(o) = 3*o**3 - 5*o**2 - 3*o + 15. Determine x(2).
13
Let r(b) = -2*b**3 - 152*b**2 - 300*b - 26. Calculate r(-74).
270
Let h(d) = d**3 - 7*d**2 + 10*d + 16. What is h(5)?
16
Let w(d) = -3*d - 150. Give w(-47).
-9
Let l(p) = 5*p**2 + 24*p - 432. Give l(-12).
0
Let a(p) = -138*p**2 - 1929*p + 38. Give a(-14).
-4
Let q(r) = 116*r - 2897. Calculate q(25).
3
Let u(c) = c**3 - 48*c**2 + 50*c - 133. Calculate u(47).
8
Let r(x) = -127*x + 57. What is r(1)?
-70
Let a(i) = -i**3 - 24*i**2 - 7*i - 134. What is a(-24)?
34
Let a(f) = f**3 + 3*f**2 + 4*f + 11. Calculate a(-6).
-121
Let y(r) = -54*r + 980. Give y(18).
8
Let t(r) = 97*r + 12. Give t(0).
12
Let z(v) = 3*v**2 - 11*v + 37. Give z(3).
31
Let v(m) = m**3 + 20*m**2 - 931*m + 156. Determine v(22).
2
Let a(i) = -8*i**2 - 139*i + 417. What is a(3)?
-72
Let t(w) = 2*w**3 + 9*w**2 + 6*w + 7. Determine t(-4).
-1
Let w(b) = 6*b**2 - 5*b + 8. Calculate w(-4).
124
Let c(s) = -13*s + 63. Determine c(26).
-275
Let j(r) = -49*r - 523. Determine j(-9).
-82
Let v(z) = 22*z**2 + 882*z + 1743. What is v(-38)?
-5
Let j(t) = 419*t + 17604. Give j(-42).
6
Let q(r) = -2*r**3 + 56*r**2 + 4*r - 125. Determine q(28).
-13
Let n(h) = h**3 + 4*h**2 + 14*h + 24. Determine n(-5).
-71
Let s(r) = -19*r**3 + 9*r**2 + 6*r - 2. Calculate s(-1).
20
Let w(p) = 19*p**2 - 545*p - 102. Calculate w(29).
72
Let h(c) = -17*c - 1128. Determine h(-74).
130
Let x(q) = 138*q**3 + 830*q**2 + 31*q + 113. Determine x(-6).
-1
Let v(x) = 6*x**3 - 3*x**2 - x + 10. Give v(-2).
-48
Let d(i) = -i**3 - 38*i**2 + 263*i + 132. Determine d(-44).
176
Let n(z) = 6*z**3 + 6*z**2 - z + 2. What is n(-3)?
-103
Let s(d) = d**3 + 19*d**2 - 44*d - 30. Calculate s(-21).
12
Let c(r) = -r**3 - 71*r**2 + 178*r - 3240. What is c(-74)?
16
Let o(u) = -2*u**2 + 746*u - 56602. Determine o(106).
2
Let p(w) = -110*w + 194. Determine p(3).
-136
Let s(p) = 121*p + 226. What is s(-5)?
-379
Let o(s) = -2*s**3 - 27*s**2 - 12*s - 32. What is o(-13)?
-45
Let r(h) = -55*h + 3522. Determine r(64).
2
Let v(k) = 5*k**2 - 57*k - 378. Determine v(16).
-10
Let y(j) = j**3 - 44*j**2 - 5*j - 13. Determine y(0).
-13
Let z(c) = 1465*c - 90837. Give z(62).
-7
Let q(s) = -s**3 + 30*s**2 - 26*s - 26. Determine q(29).
61
Let p(s) = 3*s**2 + 115*s - 1143. What is p(-46)?
-85
Let m(t) = 7*t**3 + 446*t**2 - 125*t + 170. Calculate m(-64).
-22
Let r(i) = 8*i**3 - 136*i**2 + 4*i + 18. Give r(17).
86
Let a(p) = 355*p + 1319. Determine a(-4).
-101
Let o(f) = -826*f + 5775. Give o(7).
-7
Let s(u) = -11*u**2 - 75*u + 74. What is s(1)?
-12
Let j(h) = 1715*h + 27439. Calculate j(-16).
-1
Let k(y) = 6*y**3 - 2*y**2 - 12*y - 22. Calculate k(-2).
-54
Let f(w) = -16*w**2 - 22*w - 98. Give f(-6).
-542
Let d(z) = -35*z**2 + 2*z + 1. What is d(-1)?
-36
Let k(z) = 18*z + 138. Calculate k(-16).
-150
Let u(v) = -4*v**2 + 44*v + 423. Determine u(-6).
15
Let s(r) = -4*r**3 + 28*r**2 + 121*r + 17. Give s(-3).
14
Let a(n) = -n**3 - 3*n**2 + 21*n - 7. Give a(0).
-7
Let r(w) = -17*w**3 + 8*w**2 + 64*w + 60. What is r(-1)?
21
Let d(x) = -x**3 + 28*x**2 + 66*x - 51. What is d(30)?
129
Let u(s) = -s**3 - 41*s**2 + 6*s + 64. What is u(-41)?
-182
Let f(c) = -c**3 + 8*c**2 + 47*c + 25. What is f(12)?
13
Let c(d) = -d**3 + 15*d**2 + 18*d - 1. Give c(16).
31
Let i(v) = v**3 - 7*v**2 - 25*v + 70. Calculate i(9).
7
Let d(g) = -6*g**3 + 606*g**2 - g + 89. Determine d(101).
-12
Let u(o) = o**2 + 30*o - 193. What is u(-24)?
-337
Let f(t) = 7*t - 154. What is f(-7)?
-203
Let y(n) = 26*n**2 + 275*n + 12. Determine y(-12).
456
Let h(i) = 173*i + 4334. Determine h(-25).
9
Let j(g) = g**3 - 73*g**2 - 639*g - 1246. Give j(-5).
-1
Let j(b) = -4*b**2 + 134*b - 5. Determine j(7).
737
Let q(k) = -3*k**2 + 87*k - 3. Calculate q(29).
-3
Let s(a) = -9*a**2 - 115*a - 505. Determine s(-7).
-141
Let v(d) = -4*d**2 + 44*d - 29. Give v(10).
11
Let o(n) = -n**3 + 45*n**2 + 34*n - 1524. Calculate o(45).
6
Let x(i) = 37*i + 447. What is x(-12)?
3
Let f(o) = o**2 + 56*o + 781. What is f(-29)?
-2
Let a(n) = n + 115. Calculate a(-107).
8
Let y(g) = 49*g**2 - 527*g - 97. Determine y(11).
35
Let i(o) = o**3 - 18*o**2 + 71*o + 10. Give i(12).
-2
Let q(d) = 98*d - 2159. Give q(19).
-297
Let j(y) = -2*y**3 + 30*y**2 + 35*y - 54. Calculate j(16).
-6
Let a(w) = -386*w + 3851. Give a(10).
-9
Let j(h) = -247*h + 44. Give j(2).
-450
Let d(p) = 47*p**2 + 379*p + 15. What is d(-8)?
-9
Let j(f) = 2*f**2 - 242*f - 17097. Calculate j(171).
3
Let w(p) = -p**3 + 25*p**2 - 41*p - 106. Calculate w(23).
9
Let t(u) = -10*u**2 - 283*u - 80. Calculate t(-28).
4
Let s(z) = -2*z**2 - 71*z - 517. Give s(-23).
58
Let q(k) = -63*k**2 + 507*k - 18. Determine q(8).
6
Let g(q) = -12*q**2 - 667*q - 1032. What is g(-54)?
-6
Let q(d) = -202*d**2 - 24*d + 17. Determine q(-2).
-743
Let l(x) = x**2 - 48*x - 4492. Calculate l(-47).
-27
Let d(z) = -3*z**3 - 19*z**2 + 11*z + 21. Determine d(-7).
42
Let w(m) = -436*m**2 + 8715*m + 53. Give w(20).
-47
Let h(o) = -75*o - 7. Give h(-2).
143
Let s(o) = -3*o**2 - o - 119. Determine s(0).
-119
Let n(w) = -53*w - 1139. Determine n(-23).
80
Let q(t) = t**3 - 24*t**2 - 12*t - 273. Determine q(24).
-561
Let m(k) = -k**3 + 10*k**2 + 4*k + 21. What is m(11)?
-56
Let n(l) = -44*l - 1183. Give n(-27).
5
Let u(c) = -2629*c - 13138. Determine u(-5).
7
Let t(w) = -7*w**3 + 161*w**2 - 158*w + 90. Determine t(22).
2
Let j(h) = 3*h**2 - 15*h - 60. Calculate j(-3).
12
Let r(v) = 2*v**3 + 45*v**2 - 14*v + 71. Give r(-22).
863
Let f(b) = 1817*b + 9081. Give f(-5).
-4
Let b(n) = -2*n**3 - 10*n**2 + 16*n + 27. Give b(-6).
3
Let a(r) = 3*r**3 - 7*r**2 - 3*r + 18. Determine a(-3).
-117
Let x(c) = -2*c**3 - 18*c**2 - 42*c. Give x(-8).
208
Let p(j) = j**3 + 29*j**2 + 199*j + 3. Give p(-11).
-8
Let k(h) = 522*h - 6. What is k(-1)?
-528
Let d(s) = -7*s**2 - 74*s - 2. What is d(-11)?
-35
Let i(v) = v**3 - 35*v**2 + 5*v + 101. Determine i(0).
101
Let x(n) = -n**2 - 19*n - 20. What is x(-2)?
14
Let x(i) = 58*i + 39. Determine x(-1).
-19
Let o(t) = 17*t**2 + 291*t - 272. What is o(-18)?
-2
Let h(j) = 194*j + 23678. Give h(-122).
10
Let u(c) = 2*c**2 - 16*c - 124. Give u(-5).
6
Let y(s) = -s**3 - 15*s**2 + 129*s + 49. What is y(-21)?
-14
Let k(q) = q**3 + 27*q**2 - 67*q + 34. What is k(-29)?
295
Let h(t) = -t**3 - 23*t**2 - 4*t + 174. What is h(-22)?
-222
Let t(n) = n**3 + 13*n**2 + 116*n + 1168. Calculate t(-11).
134
Let y(i) = 3*i**3 - 5*i**2 + 29*i - 212. What is y(6)?
430
Let d(y) = -7*y**2 + 566*y - 3620. Calculate d(7).
-1
Let w(d) = 95*d - 323. Calculate w(3).
-38
Let k(b) = -b**2 + 15*b + 20. What is k(-13)?
-344
Let v(t) = t**2 + 13*t - 171. Determine v(-14).
-157
Let w(r) = -2173*r + 51. Give w(0).
51
Let b(r) = -2*r**3 + 42*r**2 - 213*r + 57. Give b(13).
-8
Let f(d) = d**3 - 6*d**2 + 4*d + 29. Give f(6).
53
Let v(m) = 5*m**2 + m - 15. Determine v(3).
33
Let r(k) = -k**2 - 24*k - 77. Calculate r(-15).
58
Let o(g) = -5*g**2 + 7*g - 1. Determine o(1).
1
Let c(n) = n**3 + 28*n**2 - 81*n - 629. What is c(-30)?
1
Let d(v) = 2*v**3 - 16*v**2 + 34*v - 61. Determine d(6).
-1
Let n(i) = 200*i - 8374. What is n(42)?
26
Let v(s) = 143*s + 4846. Calculate v(-34).
-16
Let n(g) = 4*g**2 + 28*g - 1980. Give n(19).
-4
Let c(a) = -58*a + 337. Determine c(14).
-475
Let f(c) = 2*c - 30. Calculate f(10).
-10
Let c(g) = -g**3 + 16*g**2 - 10*g + 154. What is c(16)?
-6
Let v(u) = 9*u**3 - 14*u**2 + 21*u - 6. Give v(1).
10
Let c(q) = -q**3 - 9*q**2 + 4*q - 31. Calculate c(-9).
-67
Let k(g) = 7*g + 54. Determine k(-3).
33
Let z(d) = -476*d**3 + 9*d**2 + 5*d - 3. Determine z(-1).
477
Let c(m) = -m**2 - 264*m - 12516. Determine c(-202).
8
Let h(c) = -174*c + 622. What is h(3)?
100
Let y(a) = -a**3 + 10*a**2 + 30*a - 354. What is y(9)?
-3
Let v(w) = 161*w**3 - 3*w**2 - w + 1. Calculate v(-1).
-162
Let g(i